(w) = -15*w**2 + 2*w + 1. Suppose -r = -3*j + 4*j - 3, 4*j = -3*r + 13. Give n(r).
-16
Let j be (-2)/(-11) + 136/(-22). Let t(g) = -2 + 547*g - 548*g - 3. Determine t(j).
1
Let k(s) = s**2 - 7*s + 5. Let d be ((-5)/4)/((-7)/28). Suppose -6*f + f + 5*o = -20, 29 = d*f + 4*o. Let y(x) = 3*x - 8. Let l be y(f). Give k(l).
5
Let c(h) = -5*h**2 - 2*h**2 + 3 - 4 - 4 - h**3. Let b = 20 - 2. Suppose 0 = 2*x + 4*m + 30, 0 = x + m + b - 7. Determine c(x).
-5
Let i be 2*1*6/(-4). Let t = i + 9. Let a(f) = -1 - f - f + t + 0. Calculate a(5).
-5
Let t = -15 - -12. Let o be (2/3)/(-1)*t. Let u(i) = 3*i + o*i**2 + 2 + i**3 - 2*i**2 - 3 + 3*i**2. What is u(-3)?
-10
Suppose -o - 34 = -5*k, 5*k - o = -2*o + 26. Let a(g) be the first derivative of g**4/4 - 5*g**3/3 - 5*g**2/2 + 6*g + 18. Determine a(k).
12
Let b(f) = f**2 + 11*f + 27. Let n be b(-7). Let s(w) = w + 6*w**3 + 1 - w**2 - 3*w**3 - 9*w**3. Determine s(n).
5
Let t(u) = 6*u**2 - 3*u + 6. Let w(r) = 4*r**2 - 2*r + 4. Let j(a) = -5*t(a) + 7*w(a). Give j(5).
-47
Let u(z) = 127 - 116 - 14*z + 13*z. What is u(0)?
11
Let z(r) = -r**3 + 8*r**2 - 6*r - 5. Let w be z(7). Suppose -5*m - 9 - 7 = -s, -w*s + 68 = 2*m. Let g = 27 - s. Let y(o) = o**2 + 3*o + 4. Determine y(g).
8
Suppose -6 = -5*c - 46. Let k be -2 + c + 4/1. Let x(n) = n**3 + 6*n**2 + 2*n + 5. What is x(k)?
-7
Let l(s) = -s**3 - s**2 + s + 44. Let m be 26/13 - (1 + 1). Determine l(m).
44
Suppose 4*d + 28 = 3*v, d - 3*v + 14 = -d. Let i = 9 + d. Let z(k) = 2*k**2 + k**2 - i*k**2 + 67*k + 5 - 75*k. What is z(6)?
-7
Suppose c + 5*r + 20 - 3 = 0, -5*c - 1 = 4*r. Let n(s) be the second derivative of s**5/20 - s**4/3 - s**3/3 + 3*s**2/2 - 7*s. What is n(c)?
-12
Let d = 1 - -2. Let b be -6*d/(27/6). Let u(x) = 438*x**2 - 439*x**2 - 2 - 6*x - 4 + x. What is u(b)?
-2
Let w(k) = 3*k - 1 - 2*k + 14*k**3 + 0*k. Suppose 13*b - 45 = 8*b. Let n be (-4)/(12/b) - -4. What is w(n)?
14
Suppose -8*v + 27 - 3 = 0. Suppose 3*i - 8 = 5*y - 22, 3*i + 6 = -v*y. Let b(s) = 5*s + 1. Calculate b(y).
6
Suppose -r + 4*r = -3*u, -4*r - 8 = 0. Let x(g) be the second derivative of 1/12*g**4 + 0 - 8*g + 1/6*g**3 + 5*g**u. Calculate x(0).
10
Let q(b) = 4*b. Let n(v) = 39*v - 1. Let w(c) = -n(c) + 3*q(c). What is w(1)?
-26
Let h(k) = 18*k + 3. Let x(z) = -z**2 - z. Let j(v) = h(v) - 2*x(v). What is j(-10)?
3
Let d(a) = 3*a + 13. Let s = -572 - -579. Give d(s).
34
Let t(g) = g**3 + 5*g**2 - 4*g + 2. Let y be 29*2/8*4. Let a = -1267 + 1290. Let w = a - y. Calculate t(w).
-10
Let x be (-2278)/(-374) - (-1)/(-11). Let g(h) = -h**3 + 5*h**2 + 3*h + 13. What is g(x)?
-5
Let n(t) = -80*t + 0 + 83*t + t**3 + 7*t**2 + 5 - 4. Give n(-7).
-20
Let a be 19/(-5) - (-1)/(-5). Let g(l) = -2*l - 67 - 62 - 76 + 196. Calculate g(a).
-1
Let v(a) = -10*a**2 + 4*a**3 + 51*a**3 - 16 + a - 54*a**3. Calculate v(10).
-6
Let h(v) = 4 + 9*v + 13*v - 17*v + v**2. Suppose -3*g + 2 = 4*d - 1, 4*d = -g - 7. Give h(d).
-2
Suppose -5*j - 22 = 3*w, 2*w = -5*j + 3*w - 6. Let g be j*(9/(-2))/(-9). Let z(c) = -18*c - 1. Let k(n) = 17*n + 1. Let b(r) = -5*k(r) - 4*z(r). Determine b(g).
12
Let n(c) = -c**3 - 5*c**2 + 3*c - 7. Let j = 152 + -158. What is n(j)?
11
Let a(o) = -5*o**2 + 8*o + 6. Let q(y) = 9*y**2 - 15*y - 11. Let s(p) = 7*a(p) + 4*q(p). Determine s(7).
19
Let y(i) = -9*i - 3. Let z(f) = 7*f + 2. Let c(l) = -3*y(l) - 4*z(l). Suppose r + 2 - 4 = 0. Suppose 32 = -4*t - 3*w, 4*t = r*w + w - 8. Calculate c(t).
6
Let z(w) = -7*w + 3*w + 6 - w**3 + 0*w**3 - 7*w**2. Let f(u) be the first derivative of -u**2 + 2*u - 20. Let n be f(4). What is z(n)?
-6
Let k(b) = -10*b - 46. Let d(c) = -19*c - 91. Let m(o) = 4*d(o) - 7*k(o). Determine m(-6).
-6
Let t(n) = -n**2 - 3*n - 3. Let h be t(-2). Let k be 1/h + -3 + -2. Let d(g) be the first derivative of g**3/3 + g**2 - 7*g + 3707. Calculate d(k).
17
Let b(v) = 3*v - 3. Let r(n) = 32*n**2 - 2*n. Let w be r(1). Let j = -24 + w. Calculate b(j).
15
Suppose -5*z - 2*v = 6, 2 = -4*z + 2*v + 8. Let x(j) = j**3 - 5*j + 3. Calculate x(z).
3
Let u(x) = -7*x - 1. Let g(o) = 2*o. Let w(t) = 4*g(t) + u(t). Let k be 19/(-5) + (-4)/20. Give w(k).
-5
Let r be (-3)/(-24)*-10*-4. Let w be 3/5 - (-27)/r. Let k(c) = -2*c + 5. Give k(w).
-7
Let z(n) = -6*n + 1. Let l(w) = 2*w + 16. Let u be l(-5). Let p(r) = -1 + 0*r - 5*r + 12*r. Let o(v) = u*z(v) + 5*p(v). What is o(4)?
-3
Suppose -4*t = -51 - 49. Let m = -19 + t. Let p(i) = 11 - 16 + m + i**2. Determine p(-2).
5
Let z(q) be the second derivative of -q**6/120 + q**5/5 + 5*q**3/6 + 11*q**2 - 45*q - 1. Let r(n) be the first derivative of z(n). Give r(12).
5
Let k(j) = j**3 - 11*j**2 + 27*j + 5. Let d be k(6). Let f(r) = -r**3 - 12*r**2 + 15*r + 8. What is f(d)?
-18
Let f(x) = x**2 - 5*x - 8. Let d be f(-3). Suppose -d = -2*m - 0*m. Suppose -m = a + 2*i, 3*a + 0*a + 16 = -4*i. Let u(y) = y. What is u(a)?
0
Let y(w) = w**2 - 7*w + 8. Let z(c) = c**2 + 4*c - 7. Let n be z(2). Let v be y(n). Let i(p) = -4*p**2 - 1. Calculate i(v).
-17
Suppose 0 = 2*s - 2*c - 8, 0*c = c - 3. Let r(f) = 2*f**2 - s*f - 118 + 246 - 122. Give r(4).
10
Let y = 26 - 25. Let m(u) = 9*u - 2. What is m(y)?
7
Let n(s) = -s**3 + 2*s**2 - 4*s + 1. Let g be (2/(-5))/(12/(-210)). Let k(q) = 4*q**3 - 7*q**2 + 13*q - 3. Let c(u) = g*n(u) + 2*k(u). What is c(1)?
0
Let q(f) = -f + 4*f**2 + 0 - f**3 + 0 + 2 - 3*f + f. What is q(2)?
4
Let u(r) = -r. Let m(c) = -5*c - 12. Let v be m(-4). Let j(o) = -o**2 + 8*o - 5. Let g be j(v). Determine u(g).
5
Let c(s) be the second derivative of s**3/3 - 2*s**2 - 150*s. Let k be 3/2*1*-4. Let v be (-1 - k)*1*1. What is c(v)?
6
Let i be (5 - 3) + 3 + -1. Let r(m) = m + m**3 + 0*m**2 - 258 + 261 - 4*m**2. Calculate r(i).
7
Let b(a) = a**3 + 2*a**2 - 3*a + 2. Let z(p) = 11 + 14*p + 6*p - p - 5*p. Let v be z(3). Suppose 51*s = v*s + 6. What is b(s)?
2
Suppose -7 = -12*r + 11*r. Suppose -2*v + r = 5. Let l(k) = -5*k + 1. What is l(v)?
-4
Let t(k) = -4*k**2 + 6*k**2 - k**2 + 4*k + 1. Suppose 0 = -0*n - n + 3*x, -2*n - 4*x = 0. Suppose n = -2*z + 5*z + 6. Determine t(z).
-3
Let r(l) = -2*l**2 - 11. Let f(p) = -p**2 + 2. Let m(s) = 6*f(s) + r(s). Calculate m(-1).
-7
Suppose -2*i - 7 + 19 = 0. Let j(p) be the second derivative of p**4/12 - 5*p**3/6 - 3*p**2 - p. Let h be j(i). Let l(b) = -b - 3. What is l(h)?
-3
Suppose -2*i + 3*m + 1 + 1 = 0, -m = -5*i + 18. Let n(v) = -5*v + 2. Let c(d) = -14*d + 7. Let a(l) = i*c(l) - 11*n(l). What is a(0)?
6
Suppose 7*j - 3*j + 41 = 3*l, 5*j = 3*l - 46. Let d(p) be the first derivative of -7/2*p**2 + 0*p - 1 + 1/3*p**3. Give d(l).
0
Let c(k) = -k**3 + 16*k**2 - 8*k + 7. Let x(v) = 2*v**3 - 31*v**2 + 15*v - 15. Let t(l) = 11*c(l) + 6*x(l). Let a be 20*9/27*(-6)/(-4). Give t(a).
7
Suppose -5*y - 5*s = 35, 5*y - 5*s + 31 = -8*s. Let f(k) = k**2 + 7*k + 11. Calculate f(y).
1
Let x(l) = 16*l + 1 - 1 - 19*l. Suppose -p + 5*n - 26 = 0, -6*p - 102 = -p + 3*n. Let u = 22 + p. Give x(u).
-3
Suppose -l + 5 = 2. Suppose -5*j + 20 = f, 4*f - l*f - 2 = j. Let p(r) = -1 + j*r + 3 + 0 - r. Give p(3).
8
Suppose -5*o = -4*m - 36, -o + 2*m = 6*m + 12. Suppose o*r + 2 = 6. Let t(g) = -1 - 4*g + g**3 + r + 3*g**2. What is t(-4)?
0
Let m(q) = 2*q**2 + 4*q - 4. Suppose 2*j = -4, 3*w + 4*j = 3*j - 80. Let k = 22 + w. Calculate m(k).
12
Let x(c) be the second derivative of 1/6*c**3 - 1/12*c**4 + 0 - 1/20*c**5 - 6*c**2 + 16*c. Calculate x(0).
-12
Let p = 458 + -455. Let g(f) = -f**2 + 2*f - 2. What is g(p)?
-5
Let o(u) be the second derivative of u**7/840 - u**6/90 - u**5/20 + u**4/6 + 3*u**3 - 26*u. Let r(b) be the second derivative of o(b). Calculate r(5).
-1
Suppose -37*t = -49*t + 96. Let q(b) = b**2 - 8*b + 1. Calculate q(t).
1
Let y(x) = 2*x**2 - 3*x + 2. Let c(u) = -3*u + 32. Let z be c(10). Suppose 0 = 5*f - 0*f + 4*r - z, 4*r = -4*f. Determine y(f).
4
Let r(o) be the second derivative of o**4/12 + o**3 - 4*o**2 - o. Let i = 15 - 11. Suppose -2*t - 6 = i*d, -27 = 3*t - d - 4. Give r(t).
-1
Let c(r) = 0 - 3 + 8*r**2 + 32309*r**3 - 2*r - 7*r - 32308*r**3. Suppose -4*z - 19 = -p - 2*z, 5*p + z = 40. Let s = 0 - p. Calculate c(s).
-3
Let i be 420/147 - (-4)/28. Let q(y) be the first derivative of 8*y + 1/3*y**i - 9/2*y**2 - 7. Give q(8).
0
Let x(s) = 4*s**2 + 36*s - 120. Let t(j) = j**2 + 9*j - 30. Let d(y) = 9*t(y) - 2*x(y). Let v be d(-12